der when 170862 is divided by 42712?
14
Calculate the remainder when 76403 is divided by 25445.
68
What is the remainder when 4695733 is divided by 156523?
43
Calculate the remainder when 1063469 is divided by 2073.
20
Calculate the remainder when 1759691 is divided by 293116.
995
Calculate the remainder when 116440 is divided by 23219.
345
Calculate the remainder when 245908 is divided by 81621.
1045
What is the remainder when 3146 is divided by 1541?
64
What is the remainder when 3064977 is divided by 265?
252
What is the remainder when 3800414 is divided by 1821?
1808
Calculate the remainder when 1869189 is divided by 435.
429
Calculate the remainder when 166278428 is divided by 9061.
17
What is the remainder when 7096512 is divided by 99?
93
What is the remainder when 874466 is divided by 1177?
1132
Calculate the remainder when 8471114 is divided by 56.
50
Calculate the remainder when 324126 is divided by 985.
61
What is the remainder when 734154 is divided by 48886?
864
Calculate the remainder when 6528205 is divided by 390.
385
Calculate the remainder when 36673 is divided by 6106.
37
What is the remainder when 1655376 is divided by 61308?
60
What is the remainder when 3538084 is divided by 294809?
376
Calculate the remainder when 6184258 is divided by 14.
10
What is the remainder when 164150 is divided by 377?
155
What is the remainder when 991607 is divided by 10663?
10611
Calculate the remainder when 8713413 is divided by 544588.
5
What is the remainder when 41602 is divided by 1549?
1328
What is the remainder when 2680 is divided by 693?
601
What is the remainder when 1977585 is divided by 2227?
9
What is the remainder when 893898521 is divided by 2009?
2007
What is the remainder when 1648616 is divided by 1926?
1886
Calculate the remainder when 425279 is divided by 6167.
5923
What is the remainder when 5345 is divided by 5290?
55
What is the remainder when 16193 is divided by 6770?
2653
Calculate the remainder when 3355134 is divided by 335510.
34
What is the remainder when 39453 is divided by 96?
93
What is the remainder when 8710 is divided by 935?
295
Calculate the remainder when 125680 is divided by 41133.
2281
Calculate the remainder when 193290 is divided by 10462.
4974
What is the remainder when 447480 is divided by 268?
188
Calculate the remainder when 604608799 is divided by 5020.
5019
What is the remainder when 368732 is divided by 3478?
64
Calculate the remainder when 46460348 is divided by 1548678.
8
Calculate the remainder when 9807634 is divided by 3269208.
10
Calculate the remainder when 1402035 is divided by 517.
448
Calculate the remainder when 1142463 is divided by 571209.
45
Calculate the remainder when 63494 is divided by 5239.
626
What is the remainder when 295501106 is divided by 3402?
3386
Calculate the remainder when 49847531 is divided by 42.
41
What is the remainder when 1626525 is divided by 1707?
1461
What is the remainder when 8259908 is divided by 534?
530
What is the remainder when 74871707 is divided by 141?
2
Calculate the remainder when 763925 is divided by 302.
167
What is the remainder when 242674 is divided by 327?
40
Calculate the remainder when 1235120 is divided by 228.
44
What is the remainder when 153057 is divided by 6361?
393
What is the remainder when 344562 is divided by 7?
1
What is the remainder when 266039 is divided by 6647?
159
What is the remainder when 775102 is divided by 77492?
182
What is the remainder when 579497 is divided by 38599?
512
What is the remainder when 66012750 is divided by 295?
10
What is the remainder when 732274 is divided by 81356?
70
Calculate the remainder when 2908262 is divided by 1752.
1694
Calculate the remainder when 167500 is divided by 82373.
2754
Calculate the remainder when 274160 is divided by 136466.
1228
What is the remainder when 573440 is divided by 286691?
58
Calculate the remainder when 11153 is divided by 8332.
2821
What is the remainder when 3863912 is divided by 1287957?
41
Calculate the remainder when 540324 is divided by 519.
45
What is the remainder when 134142404 is divided by 36?
32
What is the remainder when 605345 is divided by 920?
905
What is the remainder when 541146 is divided by 29885?
3216
Calculate the remainder when 118127 is divided by 19259.
2573
What is the remainder when 8390644 is divided by 2046?
2044
What is the remainder when 321372 is divided by 695?
282
What is the remainder when 11632 is divided by 134?
108
Calculate the remainder when 24563149 is divided by 69.
46
What is the remainder when 106916647 is divided by 12?
7
Calculate the remainder when 10247007 is divided by 445.
437
Calculate the remainder when 379577 is divided by 22326.
35
What is the remainder when 779436 is divided by 194854?
20
Calculate the remainder when 88445 is divided by 905.
660
What is the remainder when 47391042 is divided by 132?
6
What is the remainder when 8126059 is divided by 246244?
7
What is the remainder when 46893 is divided by 235?
128
What is the remainder when 21377019 is divided by 4912?
4907
What is the remainder when 33371 is divided by 30934?
2437
What is the remainder when 70463840 is divided by 612?
608
What is the remainder when 5079193 is divided by 258?
205
Calculate the remainder when 4847395 is divided by 722.
609
What is the remainder when 1399281 is divided by 88?
81
What is the remainder when 2604920 is divided by 81?
41
What is the remainder when 1147614 is divided by 261?
258
What is the remainder when 113212 is divided by 380?
352
What is the remainder when 8004856 is divided by 3159?
3109
Calculate the remainder when 930236 is divided by 46511.
16
Calculate the remainder when 821327 is divided by 2106.
2093
Calculate the remainder when 14471460 is divided by 2546.
2542
What is the remainder when 4161583 is divided by 462386?
109
Calculate the remainder when 5321 is divided by 1740.
101
What is the remainder when 35358 is divided by 977?
186
What is the remainder when 334873 is divided by 334234?
639
What is the remainder when 780038 is divided by 389984?
70
Calculate the remainder when 26321934 is divided by 5233.
5177
Calculate the remainder when 79615 is divided by 5945.
2330
What is the remainder when 708765223 is divided by 194?
191
Calculate the remainder when 3119628 is divided by 311956.
68
Calculate the remainder when 2850150 is divided by 132.
6
Calculate the remainder when 120866269 is divided by 178.
175
Calculate the remainder when 537468 is divided by 1309.
778
What is the remainder when 421116 is divided by 370?
56
What is the remainder when 555862 is divided by 92637?
40
Calculate the remainder when 2269062 is divided by 187.
4
Calculate the remainder when 1210059 is divided by 170.
169
What is the remainder when 40079 is divided by 1308?
839
What is the remainder when 1582767 is divided by 210?
207
Calculate the remainder when 1755311 is divided by 2125.
61
What is the remainder when 117405 is divided by 3004?
249
Calculate the remainder when 20074139 is divided by 229.
228
Calculate the remainder when 75629 is divided by 1776.
1037
What is the remainder when 128829 is divided by 111?
69
Calculate the remainder when 10608723 is divided by 41.
14
Calculate the remainder when 41115 is divided by 8016.
1035
What is the remainder when 1752788 is divided by 1974?
1850
Calculate the remainder when 16535739 is divided by 1682.
1679
Calculate the remainder when 23432361 is divided by 4787.
4783
Calculate the remainder when 2440282 is divided by 348608.
26
What is the remainder when 80663062 is divided by 26887686?
4
What is the remainder when 5385728 is divided by 35667?
11
What is the remainder when 139368 is divided by 1162?
1090
What is the remainder when 18833740 is divided by 16?
12
What is the remainder when 572728 is divided by 572404?
324
Calculate the remainder when 19345324 is divided by 3224217.
22
Calculate the remainder when 1826132 is divided by 238.
196
Calculate the remainder when 202867347 is divided by 215.
12
Calculate the remainder when 11481166 is divided by 228.
226
Calculate the remainder when 204684235 is divided by 859.
856
What is the remainder when 49350800 is divided by 82?
2
Calculate the remainder when 722474 is divided by 722371.
103
Calculate the remainder when 3